{"id":991,"date":"2020-03-28T16:34:20","date_gmt":"2020-03-28T16:34:20","guid":{"rendered":"https:\/\/klamottenbude24.de\/?product=das-kostuemland-neon-netzkleid-fluo-pink"},"modified":"2023-04-09T21:35:11","modified_gmt":"2023-04-09T21:35:11","slug":"das-kostuemland-neon-netzkleid-fluo-pink","status":"publish","type":"product","link":"https:\/\/eventparadies.com\/?product=das-kostuemland-neon-netzkleid-fluo-pink","title":{"rendered":"Das Kost\u00fcmland Neon Netzkleid &#8211; Fluo Pink"},"content":{"rendered":"<p>Lieferumfang: ein Netz Kleid<br \/>\nDas Minikleid besteht aus einem elastischen, transparentem Netz, dass sich toll am K\u00f6rper anschmiegt.<br \/>\nIdeal f\u00fcr 80er 90er Aerobic Mottoparty, Fasching und Tanzgruppen<br \/>\nEinheitsgr\u00f6\u00dfe passend f\u00fcr Damen und \u00e4ltere M\u00e4dchen<br \/>\n<div class=\"main-cross-sell\" data-asin=\"B07T69CZN1\">\n\n\t<div class=\"WooZone-cross-sell-loader\">\n\t\t<div>\n\t\t\t<div id=\"floatingBarsG\">\n\t\t\t\t<div class=\"blockG\" id=\"rotateG_01\"><\/div>\n\t\t\t\t<div class=\"blockG\" id=\"rotateG_02\"><\/div>\n\t\t\t\t<div class=\"blockG\" id=\"rotateG_03\"><\/div>\n\t\t\t\t<div class=\"blockG\" id=\"rotateG_04\"><\/div>\n\t\t\t\t<div class=\"blockG\" id=\"rotateG_05\"><\/div>\n\t\t\t\t<div class=\"blockG\" id=\"rotateG_06\"><\/div>\n\t\t\t\t<div class=\"blockG\" id=\"rotateG_07\"><\/div>\n\t\t\t\t<div class=\"blockG\" id=\"rotateG_08\"><\/div>\n\t\t\t<\/div>\n\t\t\t<div class=\"WooZone-cross-sell-loader-text\"><\/div>\n\t\t<\/div>\n\t<\/div>\n\n\t\t\n<\/div>\n<div style=\"clear:both;\"><\/div>\n","protected":false},"excerpt":{"rendered":"<p>Lieferumfang: ein Netz Kleid<br \/>\nDas Minikleid besteht aus einem elastischen, transparentem Netz, dass sich toll am K\u00f6rper anschmiegt.<br \/>\nIdeal f\u00fcr 80er 90er Aerobic Mottoparty, Fasching und Tanzgruppen<\/p>\n","protected":false},"featured_media":992,"template":"","meta":[],"etheme_brands":[],"class_list":{"0":"post-991","1":"product","2":"type-product","3":"status-publish","4":"has-post-thumbnail","6":"product_cat-kleider","8":"first","9":"instock","10":"taxable","11":"shipping-taxable","12":"product-type-external"},"_links":{"self":[{"href":"https:\/\/eventparadies.com\/index.php?rest_route=\/wp\/v2\/product\/991","targetHints":{"allow":["GET"]}}],"collection":[{"href":"https:\/\/eventparadies.com\/index.php?rest_route=\/wp\/v2\/product"}],"about":[{"href":"https:\/\/eventparadies.com\/index.php?rest_route=\/wp\/v2\/types\/product"}],"wp:featuredmedia":[{"embeddable":true,"href":"https:\/\/eventparadies.com\/index.php?rest_route=\/wp\/v2\/media\/992"}],"wp:attachment":[{"href":"https:\/\/eventparadies.com\/index.php?rest_route=%2Fwp%2Fv2%2Fmedia&parent=991"}],"wp:term":[{"taxonomy":"brand","embeddable":true,"href":"https:\/\/eventparadies.com\/index.php?rest_route=%2Fwp%2Fv2%2Fetheme_brands&post=991"}],"curies":[{"name":"wp","href":"https:\/\/api.w.org\/{rel}","templated":true}]}}