{"id":828,"date":"2020-03-28T16:30:08","date_gmt":"2020-03-28T16:30:08","guid":{"rendered":"https:\/\/klamottenbude24.de\/?product=einzigartiges-cosplay-clubwear-tanzkleid-rock-body-sexy-dessous-kleid"},"modified":"2023-04-09T21:35:10","modified_gmt":"2023-04-09T21:35:10","slug":"einzigartiges-cosplay-clubwear-tanzkleid-rock-body-sexy-dessous-kleid","status":"publish","type":"product","link":"https:\/\/eventparadies.com\/?product=einzigartiges-cosplay-clubwear-tanzkleid-rock-body-sexy-dessous-kleid","title":{"rendered":"Einzigartiges Cosplay Clubwear Tanzkleid Rock Body Sexy Dessous Kleid"},"content":{"rendered":"<p><!-- show up to 2 reviews by default --> <\/p>\n<p>Einzelteil-Eigenschaft:<br \/> * 100% nagelneu, Qualit\u00e4t. <br \/>* Ein Muss f\u00fcr Ihren reizvollen Kleiderschrank.<br \/> * Eine Gr\u00f6\u00dfe kann die meisten K\u00f6rperformen f\u00fcr gute Elastizit\u00e4t passen. <br \/>* Spezieller und moderner Entwurf bildet Sie attraktiver, reizend, Art und Weise und Chic. <br \/>* Sexy Bodycon. modisches Design <br \/>* Handw\u00e4sche sorgf\u00e4ltig, niedrige Temperatur f\u00fcr das Waschen, <br \/>Hochtemperaturb\u00fcgeln, trockene Linie. <br \/>* Das perfekte Geschenk, das bereit ist, ge\u00f6ffnet zu werden, ist, was Sie in diesem frechen kleinen Outfit f\u00fchlen werden. <br \/>* Bequem und leicht. <\/p>\n<p>Nur zum H\u00e4nde waschen<br \/>\nBesonders modernes Design und macht Sie attraktiver, charmant, modisch und schick!<br \/>\nPolyester, Spandex, Farbe Hand<br \/>\nModellnummer: qqy4b1<br \/>\nPerfekt f\u00fcr Nachtclubs, Pole Dancing, Party oder Lingerie Night.<br \/>\nTiefer V-Ausschnitt, bequemer Sitz, um gute K\u00f6rperkurven zu zeigen.<br \/>\nProdukt-Inhalt: 1 * Sexy Dessous-Sets<br \/>\n<div class=\"main-cross-sell\" data-asin=\"B075R8HQ8Z\">\n\n\t<div class=\"WooZone-cross-sell-loader\">\n\t\t<div>\n\t\t\t<div id=\"floatingBarsG\">\n\t\t\t\t<div class=\"blockG\" id=\"rotateG_01\"><\/div>\n\t\t\t\t<div class=\"blockG\" id=\"rotateG_02\"><\/div>\n\t\t\t\t<div class=\"blockG\" id=\"rotateG_03\"><\/div>\n\t\t\t\t<div class=\"blockG\" id=\"rotateG_04\"><\/div>\n\t\t\t\t<div class=\"blockG\" id=\"rotateG_05\"><\/div>\n\t\t\t\t<div class=\"blockG\" id=\"rotateG_06\"><\/div>\n\t\t\t\t<div class=\"blockG\" id=\"rotateG_07\"><\/div>\n\t\t\t\t<div class=\"blockG\" id=\"rotateG_08\"><\/div>\n\t\t\t<\/div>\n\t\t\t<div class=\"WooZone-cross-sell-loader-text\"><\/div>\n\t\t<\/div>\n\t<\/div>\n\n\t\t\n<\/div>\n<div style=\"clear:both;\"><\/div>\n","protected":false},"excerpt":{"rendered":"<p>Nur zum H\u00e4nde waschen<br \/>\nBesonders modernes Design und macht Sie attraktiver, charmant, modisch und schick!<br \/>\nPolyester, Spandex, Farbe Hand<\/p>\n","protected":false},"featured_media":829,"template":"","meta":[],"etheme_brands":[],"class_list":{"0":"post-828","1":"product","2":"type-product","3":"status-publish","4":"has-post-thumbnail","6":"product_cat-kleider","8":"first","9":"instock","10":"taxable","11":"shipping-taxable","12":"product-type-external"},"_links":{"self":[{"href":"https:\/\/eventparadies.com\/index.php?rest_route=\/wp\/v2\/product\/828","targetHints":{"allow":["GET"]}}],"collection":[{"href":"https:\/\/eventparadies.com\/index.php?rest_route=\/wp\/v2\/product"}],"about":[{"href":"https:\/\/eventparadies.com\/index.php?rest_route=\/wp\/v2\/types\/product"}],"wp:featuredmedia":[{"embeddable":true,"href":"https:\/\/eventparadies.com\/index.php?rest_route=\/wp\/v2\/media\/829"}],"wp:attachment":[{"href":"https:\/\/eventparadies.com\/index.php?rest_route=%2Fwp%2Fv2%2Fmedia&parent=828"}],"wp:term":[{"taxonomy":"brand","embeddable":true,"href":"https:\/\/eventparadies.com\/index.php?rest_route=%2Fwp%2Fv2%2Fetheme_brands&post=828"}],"curies":[{"name":"wp","href":"https:\/\/api.w.org\/{rel}","templated":true}]}}