{"id":773,"date":"2020-03-28T16:26:41","date_gmt":"2020-03-28T16:26:41","guid":{"rendered":"https:\/\/klamottenbude24.de\/?product=only-damen-onlmay-s-s-dress-noos-kleid"},"modified":"2023-04-09T21:35:09","modified_gmt":"2023-04-09T21:35:09","slug":"only-damen-onlmay-s-s-dress-noos-kleid","status":"publish","type":"product","link":"https:\/\/eventparadies.com\/?product=only-damen-onlmay-s-s-dress-noos-kleid","title":{"rendered":"ONLY Damen Onlmay S\/S Dress Noos Kleid"},"content":{"rendered":"<p><!-- show up to 2 reviews by default --> <\/p>\n<p>Strandbesuch und Gartenparty k\u00f6nnen kommen. Dieses bequeme und l\u00e4ssige Kleid von ONLY \u00fcberzeugt durch sein klassisches Design. Die kurzen \u00c4rmel und der Rundhalsausschnitt kommen im klassischen Stil und lassen sich vielseitig kombinieren. Der verstellbare Tunnelzug in der Taille sorgt f\u00fcr den perfekten Sitz und hebt den Stylefaktor. <\/p>\n<p>Jersey Kleid<br \/>\nWeiche Baumwolle<br \/>\nKurzarm<br \/>\n100% Baumwolle<br \/>\nShirt-Kleid<br \/>\nModellnummer: 15153021<br \/>\n<div class=\"main-cross-sell\" data-asin=\"B078WXHTR3\">\n\n\t<div class=\"WooZone-cross-sell-loader\">\n\t\t<div>\n\t\t\t<div id=\"floatingBarsG\">\n\t\t\t\t<div class=\"blockG\" id=\"rotateG_01\"><\/div>\n\t\t\t\t<div class=\"blockG\" id=\"rotateG_02\"><\/div>\n\t\t\t\t<div class=\"blockG\" id=\"rotateG_03\"><\/div>\n\t\t\t\t<div class=\"blockG\" id=\"rotateG_04\"><\/div>\n\t\t\t\t<div class=\"blockG\" id=\"rotateG_05\"><\/div>\n\t\t\t\t<div class=\"blockG\" id=\"rotateG_06\"><\/div>\n\t\t\t\t<div class=\"blockG\" id=\"rotateG_07\"><\/div>\n\t\t\t\t<div class=\"blockG\" id=\"rotateG_08\"><\/div>\n\t\t\t<\/div>\n\t\t\t<div class=\"WooZone-cross-sell-loader-text\"><\/div>\n\t\t<\/div>\n\t<\/div>\n\n\t\t\n<\/div>\n<div style=\"clear:both;\"><\/div>\n","protected":false},"excerpt":{"rendered":"<p>Jersey Kleid<br \/>\nWeiche Baumwolle<br \/>\nKurzarm<\/p>\n","protected":false},"featured_media":774,"template":"","meta":[],"etheme_brands":[],"class_list":{"0":"post-773","1":"product","2":"type-product","3":"status-publish","4":"has-post-thumbnail","6":"product_cat-kleider","8":"first","9":"instock","10":"taxable","11":"shipping-taxable","12":"product-type-external"},"_links":{"self":[{"href":"https:\/\/eventparadies.com\/index.php?rest_route=\/wp\/v2\/product\/773","targetHints":{"allow":["GET"]}}],"collection":[{"href":"https:\/\/eventparadies.com\/index.php?rest_route=\/wp\/v2\/product"}],"about":[{"href":"https:\/\/eventparadies.com\/index.php?rest_route=\/wp\/v2\/types\/product"}],"wp:featuredmedia":[{"embeddable":true,"href":"https:\/\/eventparadies.com\/index.php?rest_route=\/wp\/v2\/media\/774"}],"wp:attachment":[{"href":"https:\/\/eventparadies.com\/index.php?rest_route=%2Fwp%2Fv2%2Fmedia&parent=773"}],"wp:term":[{"taxonomy":"brand","embeddable":true,"href":"https:\/\/eventparadies.com\/index.php?rest_route=%2Fwp%2Fv2%2Fetheme_brands&post=773"}],"curies":[{"name":"wp","href":"https:\/\/api.w.org\/{rel}","templated":true}]}}