{"id":667,"date":"2020-03-28T16:25:47","date_gmt":"2020-03-28T16:25:47","guid":{"rendered":"https:\/\/klamottenbude24.de\/?product=vila-clothes-damen-vitinny-new-dress-kleid"},"modified":"2023-04-09T21:35:09","modified_gmt":"2023-04-09T21:35:09","slug":"vila-clothes-damen-vitinny-new-dress-kleid","status":"publish","type":"product","link":"https:\/\/eventparadies.com\/?product=vila-clothes-damen-vitinny-new-dress-kleid","title":{"rendered":"Vila ViTinny New Dress"},"content":{"rendered":"<p><!-- show up to 2 reviews by default --> <\/p>\n<p>Ein Modell, wie dieses aus dem Hause VILA sollte auch in deinem Kleider-Repertoire nicht fehlen. Manchmal ist ein schlichtes Kleid in minimalistischem Design viel aufregender als sein detailreicher Kleiderschrank-Nachbar. Dieses 3\/4-\u00e4rmelige Basic Kleid mit Rundhalsausschnitt und Rei\u00dfverschluss im Nacken kannst du mit unz\u00e4hligen Farben und Formen kombinieren. Wie w\u00e4re es mit einer Lederjacke, Boots und gro\u00dfem Statement-Schmuck dazu? So wird es zur dezenten Grundlage f\u00fcr deine Alltagslooks. <\/p>\n<p>Ein Modell, wie dieses aus dem Hause VILA sollte auch in deinem Kleider-Repertoire nicht fehlen. Manchmal ist ein schlichtes Jerseykleid in minimalistischem Design viel aufregender als sein detailreicher Kleiderschrank-Nachbar. Dieses 3\/4-\u00e4rmelige Basic Kleid mit Rundhalsausschnitt und Rei\u00dfverschluss im Nacken kannst du mit unz\u00e4hligen Farben und Formen kombinieren.<br \/>\nWerte das klassische Kleid mit modischen Details oder auffallendem Schmuck auf.<br \/>\n3\/4-Arm<br \/>\nVerschluss: Rei\u00dfverschluss<br \/>\n79% Polyester, 18% Viskose, 3% Elasthan<br \/>\nKleid<br \/>\nModellnummer: 14033863<br \/>\n<div class=\"main-cross-sell\" data-asin=\"B017R58W1O\">\n\n\t<div class=\"WooZone-cross-sell-loader\">\n\t\t<div>\n\t\t\t<div id=\"floatingBarsG\">\n\t\t\t\t<div class=\"blockG\" id=\"rotateG_01\"><\/div>\n\t\t\t\t<div class=\"blockG\" id=\"rotateG_02\"><\/div>\n\t\t\t\t<div class=\"blockG\" id=\"rotateG_03\"><\/div>\n\t\t\t\t<div class=\"blockG\" id=\"rotateG_04\"><\/div>\n\t\t\t\t<div class=\"blockG\" id=\"rotateG_05\"><\/div>\n\t\t\t\t<div class=\"blockG\" id=\"rotateG_06\"><\/div>\n\t\t\t\t<div class=\"blockG\" id=\"rotateG_07\"><\/div>\n\t\t\t\t<div class=\"blockG\" id=\"rotateG_08\"><\/div>\n\t\t\t<\/div>\n\t\t\t<div class=\"WooZone-cross-sell-loader-text\"><\/div>\n\t\t<\/div>\n\t<\/div>\n\n\t\t\n<\/div>\n<div style=\"clear:both;\"><\/div>\n","protected":false},"excerpt":{"rendered":"<p>Ein Modell, wie dieses aus dem Hause VILA sollte auch in deinem Kleider-Repertoire nicht fehlen. Manchmal ist ein schlichtes Jerseykleid in minimalistischem Design viel aufregender als sein detailreicher Kleiderschrank-Nachbar. Dieses 3\/4-\u00e4rmelige Basic Kleid mit Rundhalsausschnitt und Rei\u00dfverschluss im Nacken kannst du mit unz\u00e4hligen Farben und Formen kombinieren.<br \/>\nWerte das klassische Kleid mit modischen Details oder auffallendem Schmuck auf.<br \/>\n3\/4-Arm<\/p>\n","protected":false},"featured_media":668,"template":"","meta":[],"etheme_brands":[],"class_list":{"0":"post-667","1":"product","2":"type-product","3":"status-publish","4":"has-post-thumbnail","6":"product_cat-kleider","8":"first","9":"instock","10":"taxable","11":"shipping-taxable","12":"product-type-external"},"_links":{"self":[{"href":"https:\/\/eventparadies.com\/index.php?rest_route=\/wp\/v2\/product\/667","targetHints":{"allow":["GET"]}}],"collection":[{"href":"https:\/\/eventparadies.com\/index.php?rest_route=\/wp\/v2\/product"}],"about":[{"href":"https:\/\/eventparadies.com\/index.php?rest_route=\/wp\/v2\/types\/product"}],"wp:featuredmedia":[{"embeddable":true,"href":"https:\/\/eventparadies.com\/index.php?rest_route=\/wp\/v2\/media\/668"}],"wp:attachment":[{"href":"https:\/\/eventparadies.com\/index.php?rest_route=%2Fwp%2Fv2%2Fmedia&parent=667"}],"wp:term":[{"taxonomy":"brand","embeddable":true,"href":"https:\/\/eventparadies.com\/index.php?rest_route=%2Fwp%2Fv2%2Fetheme_brands&post=667"}],"curies":[{"name":"wp","href":"https:\/\/api.w.org\/{rel}","templated":true}]}}