{"id":3586,"date":"2020-03-28T20:31:46","date_gmt":"2020-03-28T20:31:46","guid":{"rendered":"https:\/\/klamottenbude24.de\/?product=agia-tex-germany-damen-brustwarzen-abdeckungen-aus-silikon"},"modified":"2023-04-10T22:17:54","modified_gmt":"2023-04-10T22:17:54","slug":"agia-tex-germany-damen-brustwarzen-abdeckungen-aus-silikon","status":"publish","type":"product","link":"https:\/\/eventparadies.com\/?product=agia-tex-germany-damen-brustwarzen-abdeckungen-aus-silikon","title":{"rendered":"AGIA TEX Germany Damen Brustwarzen-Abdeckungen &#8211; aus Silikon"},"content":{"rendered":"<p><!-- show up to 2 reviews by default --> <\/p>\n<p><b>Sexy Brustwarzenabdeckung f\u00fcr die Frau<\/b><br \/> Mit diesen Nippel-Cover k\u00f6nnen Sie diskret die Form und Gr\u00f6\u00dfe Ihrer Brustwarzen geheim halten. Bequem zu Tragen unter Bikini, Badeanzug, BH, Hemd oder Kleid. Ob zum Tanzen, bei Feiern oder beim Sport. Mit diesen diese Nippel-Pads werden Ihnen aufgrund von erregten Brustwarzen peinliche Situationen erspart bleiben. Legen Sie den Brustwarzenschutz nach etwas anfeuchten gut positioniert einfach auf Ihre Brustwarzen. Die Abdeckungen f\u00fcr Ihre Nippel sind in Hautfarbe nahezu unsichtbar und somit absolut diskret. Schutz vor Hautirritationen. Kein schmerzhaftes abziehen und Kleber\u00fcckst\u00e4nde wie bei Pflaster. Besonders hautfreundliches und weiches Silikon-Gel. Geeignet f\u00fcr K\u00f6rbchen Gr\u00f6\u00dfe A, B, C und D. F\u00fcr optimalen Halt wischen Sie einfach die Oberfl\u00e4che der Nippelabdeckungen vor der Verwendung mit einen feuchten Tuch.<br \/> Silikon-Pads nach dem Tragen einfach mit lauwarmen Wasser und Seife mit der Hand waschen. Wiederverwendbar. <\/p>\n<p><b>Kaufen Sie jetzt! <\/b> <\/p>\n<p>Mit diesen selbstklebenden Silikon-Gel Brustwarzenabdeckungen k\u00f6nnen Sie auf der Stelle Ihre Brustwarzen unsichtbar machen. Ob Sie die Gr\u00f6\u00dfe oder Form Ihrer Brustwarzen unentdeckt halten wollen, in beiden F\u00e4llen haben Sie hiermit die optimale L\u00f6sung. Tragen Sie die Nippel-Pads einfach nach Wunsch unter Bikini, BH, Top, Kleid, Hemd oder Badeanzug<br \/>\nKeine unangenehme Situationen mehr bei erregten Brustwarzen oder G\u00e4nsehaut-Feeling in der kalten Jahreszeit. Ob zum Tanzen, Feiern, bei gesch\u00e4ftlichen Anl\u00e4ssen. Auch ohne BH nutzbar und somit sehr luftig unter Ihrer Bekleidung zu tragen<br \/>\nAus 100% medizinischem Silikon hergestellt<br \/>\nPflegehinweis: Wiederverwendbar, wasserfest und handwaschbar, mit lauwarmem Wasser.<br \/>\nLegen Sie den Brustwarzenschutz nach etwas anfeuchten gut positioniert einfach auf Ihre Brustwarzen. Die Abdeckungen f\u00fcr Ihre Nippel sind in Hautfarbe nahezu unsichtbar und somit absolut diskret. Kann ebenso bei Marathon-L\u00e4ufen, Jogging und Brustwarzen vor Hautirritationen zu sch\u00fctzen. Kein schmerzhaftes abziehen und Kleber\u00fcckst\u00e4nde wie bei Pflaster andere Sportarten genutzt werden um die<br \/>\nDie Nippelabdeckung ist f\u00fcr Cup A B C und D passend. Die Einlagen liegen samtweich auf Ihrer Haut und passen sich Ihrer K\u00f6rperform optimal an. Hautfreundlich. Aus 100% medizinischem Silikon hergestellt. Wiederverwendbar und nicht zu vergleichen mit Einweg-Nippel-Pads die Sie am Ende mehr kosten<br \/>\nSie erhalten 4 St\u00fcck Silikon Brustwarzenabdeckung in Hautfarbe (rechts &amp; links, Rund). Wiederverwendbar, wasserfest und handwaschbar, mit lauwarmem Wasser. Ca. 60 Millimeter Durchmesser<br \/>\n<div class=\"main-cross-sell\" data-asin=\"B01FUI2PPY\">\n\n\t<div class=\"WooZone-cross-sell-loader\">\n\t\t<div>\n\t\t\t<div id=\"floatingBarsG\">\n\t\t\t\t<div class=\"blockG\" id=\"rotateG_01\"><\/div>\n\t\t\t\t<div class=\"blockG\" id=\"rotateG_02\"><\/div>\n\t\t\t\t<div class=\"blockG\" id=\"rotateG_03\"><\/div>\n\t\t\t\t<div class=\"blockG\" id=\"rotateG_04\"><\/div>\n\t\t\t\t<div class=\"blockG\" id=\"rotateG_05\"><\/div>\n\t\t\t\t<div class=\"blockG\" id=\"rotateG_06\"><\/div>\n\t\t\t\t<div class=\"blockG\" id=\"rotateG_07\"><\/div>\n\t\t\t\t<div class=\"blockG\" id=\"rotateG_08\"><\/div>\n\t\t\t<\/div>\n\t\t\t<div class=\"WooZone-cross-sell-loader-text\"><\/div>\n\t\t<\/div>\n\t<\/div>\n\n\t\t\n<\/div>\n<div style=\"clear:both;\"><\/div>\n","protected":false},"excerpt":{"rendered":"<p>Mit diesen selbstklebenden Silikon-Gel Brustwarzenabdeckungen k\u00f6nnen Sie auf der Stelle Ihre Brustwarzen unsichtbar machen. Ob Sie die Gr\u00f6\u00dfe oder Form Ihrer Brustwarzen unentdeckt halten wollen, in beiden F\u00e4llen haben Sie hiermit die optimale L\u00f6sung. Tragen Sie die Nippel-Pads einfach nach Wunsch unter Bikini, BH, Top, Kleid, Hemd oder Badeanzug<br \/>\nKeine unangenehme Situationen mehr bei erregten Brustwarzen oder G\u00e4nsehaut-Feeling in der kalten Jahreszeit. Ob zum Tanzen, Feiern, bei gesch\u00e4ftlichen Anl\u00e4ssen. Auch ohne BH nutzbar und somit sehr luftig unter Ihrer Bekleidung zu tragen<br \/>\nAus 100% medizinischem Silikon hergestellt<\/p>\n","protected":false},"featured_media":3587,"template":"","meta":[],"etheme_brands":[],"class_list":{"0":"post-3586","1":"product","2":"type-product","3":"status-publish","4":"has-post-thumbnail","6":"product_cat-sexy-accessoire","8":"first","9":"instock","10":"taxable","11":"shipping-taxable","12":"product-type-external"},"_links":{"self":[{"href":"https:\/\/eventparadies.com\/index.php?rest_route=\/wp\/v2\/product\/3586","targetHints":{"allow":["GET"]}}],"collection":[{"href":"https:\/\/eventparadies.com\/index.php?rest_route=\/wp\/v2\/product"}],"about":[{"href":"https:\/\/eventparadies.com\/index.php?rest_route=\/wp\/v2\/types\/product"}],"wp:featuredmedia":[{"embeddable":true,"href":"https:\/\/eventparadies.com\/index.php?rest_route=\/wp\/v2\/media\/3587"}],"wp:attachment":[{"href":"https:\/\/eventparadies.com\/index.php?rest_route=%2Fwp%2Fv2%2Fmedia&parent=3586"}],"wp:term":[{"taxonomy":"brand","embeddable":true,"href":"https:\/\/eventparadies.com\/index.php?rest_route=%2Fwp%2Fv2%2Fetheme_brands&post=3586"}],"curies":[{"name":"wp","href":"https:\/\/api.w.org\/{rel}","templated":true}]}}