{"id":3349,"date":"2020-03-28T20:13:18","date_gmt":"2020-03-28T20:13:18","guid":{"rendered":"https:\/\/klamottenbude24.de\/?product=skiny-damen-refined-maternity-still-soft-umstands-bh"},"modified":"2023-04-09T21:40:07","modified_gmt":"2023-04-09T21:40:07","slug":"skiny-damen-refined-maternity-still-soft-umstands-bh","status":"publish","type":"product","link":"https:\/\/eventparadies.com\/?product=skiny-damen-refined-maternity-still-soft-umstands-bh","title":{"rendered":"Skiny Damen Still-Soft Umstands-BH"},"content":{"rendered":"<p><!-- show up to 2 reviews by default --> <\/p>\n<p>Refined Maternity &#8211; die bequemen, mit Baumwolle gef\u00fctterten Still-BHs bieten alles f\u00fcr die moderne Mama. Der name verr\u00e4t die Kombinierbarkeit mit der Serie &#8222;Refined&#8220;. Unsere Skiny Artikel sind \u00d6koTex Standard 100 zertifiziert. <\/p>\n<p>Skiny Damen eleganter Still-Soft BH aus weicher Baumwoll-Qualit\u00e4t sowie Triangel Cups mit Baumwolle gef\u00fcttert.<br \/>\nStill BH mit verstellbaren Tr\u00e4gern ist au\u00dfen mit wundersch\u00f6ner Spitze auf den Cups versehen.<br \/>\nVerschluss: Haken und \u00d6sen<br \/>\n95% Baumwolle, 5% Elasthan<br \/>\nBustier<br \/>\nPflegehinweis: Maschinenw\u00e4sche warm (40\u00b0 +); Nicht bleichen; Kein B\u00fcgeln; Nicht im Trockner trocknen<br \/>\nModellnummer: 85102<br \/>\n<div class=\"main-cross-sell\" data-asin=\"B07HJCYQJ2\">\n\n\t<div class=\"WooZone-cross-sell-loader\">\n\t\t<div>\n\t\t\t<div id=\"floatingBarsG\">\n\t\t\t\t<div class=\"blockG\" id=\"rotateG_01\"><\/div>\n\t\t\t\t<div class=\"blockG\" id=\"rotateG_02\"><\/div>\n\t\t\t\t<div class=\"blockG\" id=\"rotateG_03\"><\/div>\n\t\t\t\t<div class=\"blockG\" id=\"rotateG_04\"><\/div>\n\t\t\t\t<div class=\"blockG\" id=\"rotateG_05\"><\/div>\n\t\t\t\t<div class=\"blockG\" id=\"rotateG_06\"><\/div>\n\t\t\t\t<div class=\"blockG\" id=\"rotateG_07\"><\/div>\n\t\t\t\t<div class=\"blockG\" id=\"rotateG_08\"><\/div>\n\t\t\t<\/div>\n\t\t\t<div class=\"WooZone-cross-sell-loader-text\"><\/div>\n\t\t<\/div>\n\t<\/div>\n\n\t\t\n<\/div>\n<div style=\"clear:both;\"><\/div>\n","protected":false},"excerpt":{"rendered":"<p>Skiny Damen eleganter Still-Soft BH aus weicher Baumwoll-Qualit\u00e4t sowie Triangel Cups mit Baumwolle gef\u00fcttert.<br \/>\nStill BH mit verstellbaren Tr\u00e4gern ist au\u00dfen mit wundersch\u00f6ner Spitze auf den Cups versehen.<br \/>\nVerschluss: Haken und \u00d6sen<\/p>\n","protected":false},"featured_media":3351,"template":"","meta":[],"etheme_brands":[],"class_list":{"0":"post-3349","1":"product","2":"type-product","3":"status-publish","4":"has-post-thumbnail","6":"product_cat-unterwaesche-und-bhs","8":"first","9":"instock","10":"taxable","11":"shipping-taxable","12":"product-type-external"},"_links":{"self":[{"href":"https:\/\/eventparadies.com\/index.php?rest_route=\/wp\/v2\/product\/3349","targetHints":{"allow":["GET"]}}],"collection":[{"href":"https:\/\/eventparadies.com\/index.php?rest_route=\/wp\/v2\/product"}],"about":[{"href":"https:\/\/eventparadies.com\/index.php?rest_route=\/wp\/v2\/types\/product"}],"wp:featuredmedia":[{"embeddable":true,"href":"https:\/\/eventparadies.com\/index.php?rest_route=\/wp\/v2\/media\/3351"}],"wp:attachment":[{"href":"https:\/\/eventparadies.com\/index.php?rest_route=%2Fwp%2Fv2%2Fmedia&parent=3349"}],"wp:term":[{"taxonomy":"brand","embeddable":true,"href":"https:\/\/eventparadies.com\/index.php?rest_route=%2Fwp%2Fv2%2Fetheme_brands&post=3349"}],"curies":[{"name":"wp","href":"https:\/\/api.w.org\/{rel}","templated":true}]}}