{"id":3276,"date":"2020-03-28T20:09:59","date_gmt":"2020-03-28T20:09:59","guid":{"rendered":"https:\/\/klamottenbude24.de\/?product=hunkemoeller-damen-brazilian-maya"},"modified":"2023-04-09T21:40:06","modified_gmt":"2023-04-09T21:40:06","slug":"hunkemoeller-damen-brazilian-maya","status":"publish","type":"product","link":"https:\/\/eventparadies.com\/?product=hunkemoeller-damen-brazilian-maya","title":{"rendered":"HUNKEM\u00d6LLER Brazilian Maya &#8211; &#8211;"},"content":{"rendered":"<p>Dieser Brazilian ist aus semitransparenter Spitze und einem gl\u00e4nzenden Stoff gefertigt. Vorne ist der Brazilian mit einer h\u00fcbschen kleinen Schleife verziert. Kombiniere ihn mit einem passenden BH, um das Set zu vervollst\u00e4ndigen.<br \/>\nPo wird halb bedeckt, Normal hohe Passform, Semitransparent, Spitze, Schleife, Limited edition<br \/>\nPflegehinweis: Ordinary 40 \u00b0, Nassreinigung m\u00f6glich, Nicht chemisch reinigen, Nicht im Trockner trocknen, Keine Chlorbleiche<br \/>\n89% Polyamid, 11% Elasthan<br \/>\n<div class=\"main-cross-sell\" data-asin=\"B076HNY63N\">\n\n\t<div class=\"WooZone-cross-sell-loader\">\n\t\t<div>\n\t\t\t<div id=\"floatingBarsG\">\n\t\t\t\t<div class=\"blockG\" id=\"rotateG_01\"><\/div>\n\t\t\t\t<div class=\"blockG\" id=\"rotateG_02\"><\/div>\n\t\t\t\t<div class=\"blockG\" id=\"rotateG_03\"><\/div>\n\t\t\t\t<div class=\"blockG\" id=\"rotateG_04\"><\/div>\n\t\t\t\t<div class=\"blockG\" id=\"rotateG_05\"><\/div>\n\t\t\t\t<div class=\"blockG\" id=\"rotateG_06\"><\/div>\n\t\t\t\t<div class=\"blockG\" id=\"rotateG_07\"><\/div>\n\t\t\t\t<div class=\"blockG\" id=\"rotateG_08\"><\/div>\n\t\t\t<\/div>\n\t\t\t<div class=\"WooZone-cross-sell-loader-text\"><\/div>\n\t\t<\/div>\n\t<\/div>\n\n\t\t\n<\/div>\n<div style=\"clear:both;\"><\/div>\n","protected":false},"excerpt":{"rendered":"<p>Dieser Brazilian ist aus semitransparenter Spitze und einem gl\u00e4nzenden Stoff gefertigt. Vorne ist der Brazilian mit einer h\u00fcbschen kleinen Schleife verziert. Kombiniere ihn mit einem passenden BH, um das Set zu vervollst\u00e4ndigen.<br \/>\nPo wird halb bedeckt, Normal hohe Passform, Semitransparent, Spitze, Schleife, Limited edition<br \/>\nPflegehinweis: Ordinary 40 \u00b0, Nassreinigung m\u00f6glich, Nicht chemisch reinigen, Nicht im Trockner trocknen, Keine Chlorbleiche<\/p>\n","protected":false},"featured_media":3277,"template":"","meta":[],"etheme_brands":[],"class_list":{"0":"post-3276","1":"product","2":"type-product","3":"status-publish","4":"has-post-thumbnail","6":"product_cat-unterwaesche-und-bhs","8":"first","9":"instock","10":"taxable","11":"shipping-taxable","12":"product-type-external"},"_links":{"self":[{"href":"https:\/\/eventparadies.com\/index.php?rest_route=\/wp\/v2\/product\/3276","targetHints":{"allow":["GET"]}}],"collection":[{"href":"https:\/\/eventparadies.com\/index.php?rest_route=\/wp\/v2\/product"}],"about":[{"href":"https:\/\/eventparadies.com\/index.php?rest_route=\/wp\/v2\/types\/product"}],"wp:featuredmedia":[{"embeddable":true,"href":"https:\/\/eventparadies.com\/index.php?rest_route=\/wp\/v2\/media\/3277"}],"wp:attachment":[{"href":"https:\/\/eventparadies.com\/index.php?rest_route=%2Fwp%2Fv2%2Fmedia&parent=3276"}],"wp:term":[{"taxonomy":"brand","embeddable":true,"href":"https:\/\/eventparadies.com\/index.php?rest_route=%2Fwp%2Fv2%2Fetheme_brands&post=3276"}],"curies":[{"name":"wp","href":"https:\/\/api.w.org\/{rel}","templated":true}]}}