{"id":3060,"date":"2020-03-28T20:05:51","date_gmt":"2020-03-28T20:05:51","guid":{"rendered":"https:\/\/klamottenbude24.de\/?product=triumph-damen-amourette-spotlight-whp-x-bh"},"modified":"2023-04-10T22:09:18","modified_gmt":"2023-04-10T22:09:18","slug":"triumph-damen-amourette-spotlight-whp-x-bh","status":"publish","type":"product","link":"https:\/\/eventparadies.com\/?product=triumph-damen-amourette-spotlight-whp-x-bh","title":{"rendered":"Triumph Damen Amourette Spotlight WHP X Schalen BH mit B\u00fcgel"},"content":{"rendered":"<p><!-- show up to 2 reviews by default --> <\/p>\n<p>Amourette Spotlight Serie. Der Amourette Spotlight ist aus zarter Spitze und gl\u00e4ttendem weichem Stoff mit gepolstertem B\u00fcgel. Sie erzielen mit den eleganten und geschmeidigen Formk\u00f6rbchen ein tolles Dekollet\u00e9. Eines der meistverkauften Produkte von Triumph Lingerie. Die Amourette Kollektion pr\u00e4sentiert perfekte, komfortable Alltagsw\u00e4sche. <\/p>\n<p>Iconic Amourette Spotlight, gepolsterter BH in atemberaubender Spitze. Die viel verkauften Formk\u00f6rbchen-BHs schaffen eine perfekte Kontur f\u00fcr Ihre Brust.<br \/>\nAusgewellte Kanten an der Steg und K\u00f6rbchen bringen diesen T-Shirt-BH auf das n\u00e4chste Level.<br \/>\n<div class=\"main-cross-sell\" data-asin=\"B00EE79UJW\">\n\n\t<div class=\"WooZone-cross-sell-loader\">\n\t\t<div>\n\t\t\t<div id=\"floatingBarsG\">\n\t\t\t\t<div class=\"blockG\" id=\"rotateG_01\"><\/div>\n\t\t\t\t<div class=\"blockG\" id=\"rotateG_02\"><\/div>\n\t\t\t\t<div class=\"blockG\" id=\"rotateG_03\"><\/div>\n\t\t\t\t<div class=\"blockG\" id=\"rotateG_04\"><\/div>\n\t\t\t\t<div class=\"blockG\" id=\"rotateG_05\"><\/div>\n\t\t\t\t<div class=\"blockG\" id=\"rotateG_06\"><\/div>\n\t\t\t\t<div class=\"blockG\" id=\"rotateG_07\"><\/div>\n\t\t\t\t<div class=\"blockG\" id=\"rotateG_08\"><\/div>\n\t\t\t<\/div>\n\t\t\t<div class=\"WooZone-cross-sell-loader-text\"><\/div>\n\t\t<\/div>\n\t<\/div>\n\n\t\t\n<\/div>\n<div style=\"clear:both;\"><\/div>\n","protected":false},"excerpt":{"rendered":"<p>Iconic Amourette Spotlight, gepolsterter BH in atemberaubender Spitze. Die viel verkauften Formk\u00f6rbchen-BHs schaffen eine perfekte Kontur f\u00fcr Ihre Brust.<br \/>\nAusgewellte Kanten an der Steg und K\u00f6rbchen bringen diesen T-Shirt-BH auf das n\u00e4chste Level.<\/p>\n","protected":false},"featured_media":3061,"template":"","meta":[],"etheme_brands":[],"class_list":{"0":"post-3060","1":"product","2":"type-product","3":"status-publish","4":"has-post-thumbnail","6":"product_cat-unterwaesche-und-bhs","8":"first","9":"instock","10":"taxable","11":"shipping-taxable","12":"product-type-external"},"_links":{"self":[{"href":"https:\/\/eventparadies.com\/index.php?rest_route=\/wp\/v2\/product\/3060","targetHints":{"allow":["GET"]}}],"collection":[{"href":"https:\/\/eventparadies.com\/index.php?rest_route=\/wp\/v2\/product"}],"about":[{"href":"https:\/\/eventparadies.com\/index.php?rest_route=\/wp\/v2\/types\/product"}],"wp:featuredmedia":[{"embeddable":true,"href":"https:\/\/eventparadies.com\/index.php?rest_route=\/wp\/v2\/media\/3061"}],"wp:attachment":[{"href":"https:\/\/eventparadies.com\/index.php?rest_route=%2Fwp%2Fv2%2Fmedia&parent=3060"}],"wp:term":[{"taxonomy":"brand","embeddable":true,"href":"https:\/\/eventparadies.com\/index.php?rest_route=%2Fwp%2Fv2%2Fetheme_brands&post=3060"}],"curies":[{"name":"wp","href":"https:\/\/api.w.org\/{rel}","templated":true}]}}