{"id":2976,"date":"2020-03-28T19:45:46","date_gmt":"2020-03-28T19:45:46","guid":{"rendered":"https:\/\/klamottenbude24.de\/?product=hunkemoeller-damen-slipdress-modal-lace"},"modified":"2023-04-10T22:09:18","modified_gmt":"2023-04-10T22:09:18","slug":"hunkemoeller-damen-slipdress-modal-lace","status":"publish","type":"product","link":"https:\/\/eventparadies.com\/?product=hunkemoeller-damen-slipdress-modal-lace","title":{"rendered":"HUNKEM\u00d6LLER Slipdress Modal Lace mit Spitze &#8211; &#8211;"},"content":{"rendered":"<p>In diesem Slipdress f\u00fchlst Du Dich mit Sicherheit sexy! Der obere Teil ist mit Spitze besetzt. Das Slipdress ist mit verstellbaren Tr\u00e4gern versehen und f\u00e4llt bis kurz \u00fcbers Knie.<br \/>\nVerstellbare Tr\u00e4ger, Bis \u00fcber die Knie, Spitze<br \/>\nPflegehinweis: Ordinary 40 \u00b0, Nassreinigung nicht m\u00f6glich, Nicht chemisch reinigen, Nicht im Trockner trocknen, Keine Chlorbleiche<br \/>\n95% Viskose, 5% Elasthan<br \/>\n<div class=\"main-cross-sell\" data-asin=\"B071X4LTNR\">\n\n\t<div class=\"WooZone-cross-sell-loader\">\n\t\t<div>\n\t\t\t<div id=\"floatingBarsG\">\n\t\t\t\t<div class=\"blockG\" id=\"rotateG_01\"><\/div>\n\t\t\t\t<div class=\"blockG\" id=\"rotateG_02\"><\/div>\n\t\t\t\t<div class=\"blockG\" id=\"rotateG_03\"><\/div>\n\t\t\t\t<div class=\"blockG\" id=\"rotateG_04\"><\/div>\n\t\t\t\t<div class=\"blockG\" id=\"rotateG_05\"><\/div>\n\t\t\t\t<div class=\"blockG\" id=\"rotateG_06\"><\/div>\n\t\t\t\t<div class=\"blockG\" id=\"rotateG_07\"><\/div>\n\t\t\t\t<div class=\"blockG\" id=\"rotateG_08\"><\/div>\n\t\t\t<\/div>\n\t\t\t<div class=\"WooZone-cross-sell-loader-text\"><\/div>\n\t\t<\/div>\n\t<\/div>\n\n\t\t\n<\/div>\n<div style=\"clear:both;\"><\/div>\n","protected":false},"excerpt":{"rendered":"<p>In diesem Slipdress f\u00fchlst Du Dich mit Sicherheit sexy! Der obere Teil ist mit Spitze besetzt. Das Slipdress ist mit verstellbaren Tr\u00e4gern versehen und f\u00e4llt bis kurz \u00fcbers Knie.<br \/>\nVerstellbare Tr\u00e4ger, Bis \u00fcber die Knie, Spitze<br \/>\nPflegehinweis: Ordinary 40 \u00b0, Nassreinigung nicht m\u00f6glich, Nicht chemisch reinigen, Nicht im Trockner trocknen, Keine Chlorbleiche<\/p>\n","protected":false},"featured_media":2978,"template":"","meta":[],"etheme_brands":[],"class_list":{"0":"post-2976","1":"product","2":"type-product","3":"status-publish","4":"has-post-thumbnail","6":"product_cat-nachtwaesche","8":"first","9":"instock","10":"taxable","11":"shipping-taxable","12":"product-type-external"},"_links":{"self":[{"href":"https:\/\/eventparadies.com\/index.php?rest_route=\/wp\/v2\/product\/2976","targetHints":{"allow":["GET"]}}],"collection":[{"href":"https:\/\/eventparadies.com\/index.php?rest_route=\/wp\/v2\/product"}],"about":[{"href":"https:\/\/eventparadies.com\/index.php?rest_route=\/wp\/v2\/types\/product"}],"wp:featuredmedia":[{"embeddable":true,"href":"https:\/\/eventparadies.com\/index.php?rest_route=\/wp\/v2\/media\/2978"}],"wp:attachment":[{"href":"https:\/\/eventparadies.com\/index.php?rest_route=%2Fwp%2Fv2%2Fmedia&parent=2976"}],"wp:term":[{"taxonomy":"brand","embeddable":true,"href":"https:\/\/eventparadies.com\/index.php?rest_route=%2Fwp%2Fv2%2Fetheme_brands&post=2976"}],"curies":[{"name":"wp","href":"https:\/\/api.w.org\/{rel}","templated":true}]}}