{"id":2971,"date":"2020-03-28T19:45:41","date_gmt":"2020-03-28T19:45:41","guid":{"rendered":"https:\/\/klamottenbude24.de\/?product=amazon-marke-iris-lilly-damen-kimono-aus-satin"},"modified":"2023-04-10T22:09:18","modified_gmt":"2023-04-10T22:09:18","slug":"amazon-marke-iris-lilly-damen-kimono-aus-satin","status":"publish","type":"product","link":"https:\/\/eventparadies.com\/?product=amazon-marke-iris-lilly-damen-kimono-aus-satin","title":{"rendered":"Iris &amp; Lilly Damen Kimono-Morgenmantel Satin Spitze"},"content":{"rendered":"<p><!-- show up to 2 reviews by default --> <\/p>\n<p>Dieser kimono-Satin sitzt \u00fcber dem Knie und mit kontrastierendem Spitzen-Streifen am \u00c4rmel mit Taillenbund. Tragen Sie \u00fcber einem Schlafset mit Camisole- und Shorts, um sich selbst zu verw\u00f6hnen. <\/p>\n<p>\u00c4rmel mit Spitze<br \/>\nSatin-Optik<br \/>\n60% Polyester, 40% Viskose<br \/>\nPflegehinweis: Maschinenw\u00e4sche kalt (30\u00b0 max)<br \/>\nModellnummer: AMZ19SSR03<br \/>\n<div class=\"main-cross-sell\" data-asin=\"B07HGLZPWJ\">\n\n\t<div class=\"WooZone-cross-sell-loader\">\n\t\t<div>\n\t\t\t<div id=\"floatingBarsG\">\n\t\t\t\t<div class=\"blockG\" id=\"rotateG_01\"><\/div>\n\t\t\t\t<div class=\"blockG\" id=\"rotateG_02\"><\/div>\n\t\t\t\t<div class=\"blockG\" id=\"rotateG_03\"><\/div>\n\t\t\t\t<div class=\"blockG\" id=\"rotateG_04\"><\/div>\n\t\t\t\t<div class=\"blockG\" id=\"rotateG_05\"><\/div>\n\t\t\t\t<div class=\"blockG\" id=\"rotateG_06\"><\/div>\n\t\t\t\t<div class=\"blockG\" id=\"rotateG_07\"><\/div>\n\t\t\t\t<div class=\"blockG\" id=\"rotateG_08\"><\/div>\n\t\t\t<\/div>\n\t\t\t<div class=\"WooZone-cross-sell-loader-text\"><\/div>\n\t\t<\/div>\n\t<\/div>\n\n\t\t\n<\/div>\n<div style=\"clear:both;\"><\/div>\n","protected":false},"excerpt":{"rendered":"<p>\u00c4rmel mit Spitze<br \/>\nSatin-Optik<br \/>\n60% Polyester, 40% Viskose<\/p>\n","protected":false},"featured_media":2972,"template":"","meta":[],"etheme_brands":[],"class_list":{"0":"post-2971","1":"product","2":"type-product","3":"status-publish","4":"has-post-thumbnail","6":"product_cat-nachtwaesche","8":"first","9":"instock","10":"taxable","11":"shipping-taxable","12":"product-type-external"},"_links":{"self":[{"href":"https:\/\/eventparadies.com\/index.php?rest_route=\/wp\/v2\/product\/2971","targetHints":{"allow":["GET"]}}],"collection":[{"href":"https:\/\/eventparadies.com\/index.php?rest_route=\/wp\/v2\/product"}],"about":[{"href":"https:\/\/eventparadies.com\/index.php?rest_route=\/wp\/v2\/types\/product"}],"wp:featuredmedia":[{"embeddable":true,"href":"https:\/\/eventparadies.com\/index.php?rest_route=\/wp\/v2\/media\/2972"}],"wp:attachment":[{"href":"https:\/\/eventparadies.com\/index.php?rest_route=%2Fwp%2Fv2%2Fmedia&parent=2971"}],"wp:term":[{"taxonomy":"brand","embeddable":true,"href":"https:\/\/eventparadies.com\/index.php?rest_route=%2Fwp%2Fv2%2Fetheme_brands&post=2971"}],"curies":[{"name":"wp","href":"https:\/\/api.w.org\/{rel}","templated":true}]}}