{"id":2756,"date":"2020-03-28T19:26:58","date_gmt":"2020-03-28T19:26:58","guid":{"rendered":"https:\/\/klamottenbude24.de\/?product=adome-damen-sexy-dessous-set-spitze-reizwaesche-babydoll-nachtwaesche-negligee"},"modified":"2023-04-10T22:09:17","modified_gmt":"2023-04-10T22:09:17","slug":"adome-damen-sexy-dessous-set-spitze-reizwaesche-babydoll-nachtwaesche-negligee","status":"publish","type":"product","link":"https:\/\/eventparadies.com\/?product=adome-damen-sexy-dessous-set-spitze-reizwaesche-babydoll-nachtwaesche-negligee","title":{"rendered":"ADOME Damen Sexy Dessous Set Spitze Reizw\u00e4sche Babydoll Nachtw\u00e4sche Negligee"},"content":{"rendered":"<p>Sexy Unterw\u00e4sche Negligee Sleepwear Reizw\u00e4sche mit toller Stickerei<br \/>\nVerstellbare Tr\u00e4ger, leicht-transparent<br \/>\n\u00c4rmellos<br \/>\n92% Polyester, 8% Elasthan<br \/>\nVorne \u00d6ffnung, hohle Seiten, Spitzenbesatz<br \/>\nHochwertiges Material, sehr bequem zu tragen, ausgezeichneter Schnitt, perfekte Passform, um Ihre elegante Kurve zu zeigen<br \/>\nPaket-Inhalt: 1 x Frauen Negligee + G-string<br \/>\n<div class=\"main-cross-sell\" data-asin=\"B078BMNBGG\">\n\n\t<div class=\"WooZone-cross-sell-loader\">\n\t\t<div>\n\t\t\t<div id=\"floatingBarsG\">\n\t\t\t\t<div class=\"blockG\" id=\"rotateG_01\"><\/div>\n\t\t\t\t<div class=\"blockG\" id=\"rotateG_02\"><\/div>\n\t\t\t\t<div class=\"blockG\" id=\"rotateG_03\"><\/div>\n\t\t\t\t<div class=\"blockG\" id=\"rotateG_04\"><\/div>\n\t\t\t\t<div class=\"blockG\" id=\"rotateG_05\"><\/div>\n\t\t\t\t<div class=\"blockG\" id=\"rotateG_06\"><\/div>\n\t\t\t\t<div class=\"blockG\" id=\"rotateG_07\"><\/div>\n\t\t\t\t<div class=\"blockG\" id=\"rotateG_08\"><\/div>\n\t\t\t<\/div>\n\t\t\t<div class=\"WooZone-cross-sell-loader-text\"><\/div>\n\t\t<\/div>\n\t<\/div>\n\n\t\t\n<\/div>\n<div style=\"clear:both;\"><\/div>\n","protected":false},"excerpt":{"rendered":"<p>Sexy Unterw\u00e4sche Negligee Sleepwear Reizw\u00e4sche mit toller Stickerei<br \/>\nVerstellbare Tr\u00e4ger, leicht-transparent<br \/>\n\u00c4rmellos<\/p>\n","protected":false},"featured_media":2757,"template":"","meta":[],"etheme_brands":[],"class_list":{"0":"post-2756","1":"product","2":"type-product","3":"status-publish","4":"has-post-thumbnail","6":"product_cat-nachtwaesche","8":"first","9":"instock","10":"taxable","11":"shipping-taxable","12":"product-type-external"},"_links":{"self":[{"href":"https:\/\/eventparadies.com\/index.php?rest_route=\/wp\/v2\/product\/2756","targetHints":{"allow":["GET"]}}],"collection":[{"href":"https:\/\/eventparadies.com\/index.php?rest_route=\/wp\/v2\/product"}],"about":[{"href":"https:\/\/eventparadies.com\/index.php?rest_route=\/wp\/v2\/types\/product"}],"wp:featuredmedia":[{"embeddable":true,"href":"https:\/\/eventparadies.com\/index.php?rest_route=\/wp\/v2\/media\/2757"}],"wp:attachment":[{"href":"https:\/\/eventparadies.com\/index.php?rest_route=%2Fwp%2Fv2%2Fmedia&parent=2756"}],"wp:term":[{"taxonomy":"brand","embeddable":true,"href":"https:\/\/eventparadies.com\/index.php?rest_route=%2Fwp%2Fv2%2Fetheme_brands&post=2756"}],"curies":[{"name":"wp","href":"https:\/\/api.w.org\/{rel}","templated":true}]}}