{"id":2212,"date":"2020-03-28T18:08:25","date_gmt":"2020-03-28T18:08:25","guid":{"rendered":"https:\/\/klamottenbude24.de\/?product=schiesser-damen-body"},"modified":"2023-04-07T22:11:04","modified_gmt":"2023-04-07T22:11:04","slug":"schiesser-damen-body","status":"publish","type":"product","link":"https:\/\/eventparadies.com\/?product=schiesser-damen-body","title":{"rendered":"Schiesser Damen Body"},"content":{"rendered":"<p><!-- show up to 2 reviews by default --> <\/p>\n<p>Unsichtbar und doch so nah: Dieser Damen-Body aus der beliebten &#8222;95\/5&#8220;-Serie ist ein optimales Basic unter k\u00f6rpernaher Kleidung! Feine, flache Abschl\u00fcsse schenken dem \u00e4rmellosen Body im Zusammenspiel mit seidigweichem, elastischem Single Jersey dabei nicht nur ein herrlich weiches Hautgef\u00fchl, sondern machen ihn mit hochwertigen Druckkn\u00f6pfen dabei auch noch besonders praktisch. Ideal f\u00fcr Damen, die am liebsten bequeme, gut sitzende SCHIESSER-Qualit\u00e4t auf der Haut sp\u00fcren! <\/p>\n<p>schwarzer, \u00e4rmelloser Body f\u00fcr Damen aus der beliebten SCHIESSER-Serie &#8222;95\/5&#8220; mit praktischen Druckkn\u00f6pfen im Schritt besonders flache Abschl\u00fcsse &#8211; ideal unter k\u00f6rpernaher Kleidung! rundes 95\/5-Metallpl\u00e4ttchen am R\u00fccken zur Zierde in seidigweicher, elastischer Single-Jersey-Qualit\u00e4t<br \/>\nschwarzer, \u00e4rmelloser Body f\u00fcr Damen aus der beliebten SCHIESSER-Serie &#8222;95\/5&#8220; mit praktischen Druckkn\u00f6pfen im Schritt besonders flache Abschl\u00fcsse &#8211; ideal unter k\u00f6rpernaher Kleidung! rundes 95\/5-Metallpl\u00e4ttchen am R\u00fccken zur Zierde in seidigweicher, elastischer Single-Jersey-Qualit\u00e4t<br \/>\n95% Baumwolle, 5% Elasthan<br \/>\nPflegehinweis: Maschinenw\u00e4sche warm (40\u00b0 +)<br \/>\nModellnummer: 155737<br \/>\n<div class=\"main-cross-sell\" data-asin=\"B071RNCC6C\">\n\n\t<div class=\"WooZone-cross-sell-loader\">\n\t\t<div>\n\t\t\t<div id=\"floatingBarsG\">\n\t\t\t\t<div class=\"blockG\" id=\"rotateG_01\"><\/div>\n\t\t\t\t<div class=\"blockG\" id=\"rotateG_02\"><\/div>\n\t\t\t\t<div class=\"blockG\" id=\"rotateG_03\"><\/div>\n\t\t\t\t<div class=\"blockG\" id=\"rotateG_04\"><\/div>\n\t\t\t\t<div class=\"blockG\" id=\"rotateG_05\"><\/div>\n\t\t\t\t<div class=\"blockG\" id=\"rotateG_06\"><\/div>\n\t\t\t\t<div class=\"blockG\" id=\"rotateG_07\"><\/div>\n\t\t\t\t<div class=\"blockG\" id=\"rotateG_08\"><\/div>\n\t\t\t<\/div>\n\t\t\t<div class=\"WooZone-cross-sell-loader-text\"><\/div>\n\t\t<\/div>\n\t<\/div>\n\n\t\t\n<\/div>\n<div style=\"clear:both;\"><\/div>\n","protected":false},"excerpt":{"rendered":"<p>schwarzer, \u00e4rmelloser Body f\u00fcr Damen aus der beliebten SCHIESSER-Serie &#8222;95\/5&#8220; mit praktischen Druckkn\u00f6pfen im Schritt besonders flache Abschl\u00fcsse &#8211; ideal unter k\u00f6rpernaher Kleidung! rundes 95\/5-Metallpl\u00e4ttchen am R\u00fccken zur Zierde in seidigweicher, elastischer Single-Jersey-Qualit\u00e4t<br \/>\nschwarzer, \u00e4rmelloser Body f\u00fcr Damen aus der beliebten SCHIESSER-Serie &#8222;95\/5&#8220; mit praktischen Druckkn\u00f6pfen im Schritt besonders flache Abschl\u00fcsse &#8211; ideal unter k\u00f6rpernaher Kleidung! rundes 95\/5-Metallpl\u00e4ttchen am R\u00fccken zur Zierde in seidigweicher, elastischer Single-Jersey-Qualit\u00e4t<br \/>\n95% Baumwolle, 5% Elasthan<\/p>\n","protected":false},"featured_media":2213,"template":"","meta":[],"etheme_brands":[],"class_list":{"0":"post-2212","1":"product","2":"type-product","3":"status-publish","4":"has-post-thumbnail","6":"product_cat-sets-mit-body","8":"first","9":"instock","10":"taxable","11":"shipping-taxable","12":"product-type-external"},"_links":{"self":[{"href":"https:\/\/eventparadies.com\/index.php?rest_route=\/wp\/v2\/product\/2212","targetHints":{"allow":["GET"]}}],"collection":[{"href":"https:\/\/eventparadies.com\/index.php?rest_route=\/wp\/v2\/product"}],"about":[{"href":"https:\/\/eventparadies.com\/index.php?rest_route=\/wp\/v2\/types\/product"}],"wp:featuredmedia":[{"embeddable":true,"href":"https:\/\/eventparadies.com\/index.php?rest_route=\/wp\/v2\/media\/2213"}],"wp:attachment":[{"href":"https:\/\/eventparadies.com\/index.php?rest_route=%2Fwp%2Fv2%2Fmedia&parent=2212"}],"wp:term":[{"taxonomy":"brand","embeddable":true,"href":"https:\/\/eventparadies.com\/index.php?rest_route=%2Fwp%2Fv2%2Fetheme_brands&post=2212"}],"curies":[{"name":"wp","href":"https:\/\/api.w.org\/{rel}","templated":true}]}}