{"id":2174,"date":"2020-03-28T18:08:09","date_gmt":"2020-03-28T18:08:09","guid":{"rendered":"https:\/\/klamottenbude24.de\/?product=chantelle-damen-soft-stretch-formender-body"},"modified":"2023-04-07T22:11:04","modified_gmt":"2023-04-07T22:11:04","slug":"chantelle-damen-soft-stretch-formender-body","status":"publish","type":"product","link":"https:\/\/eventparadies.com\/?product=chantelle-damen-soft-stretch-formender-body","title":{"rendered":"Chantelle SOFTSTRETCH, Taillenslip, Unnsichtbare Unterw\u00e4sche f\u00fcr Damen, Einheitsgr\u00f6\u00dfe von 36 bis 44 (EU)"},"content":{"rendered":"<p><!-- show up to 2 reviews by default --> <\/p>\n<p>Unsichtbarkeit und unglaublicher Komfort! Die Innovation aus dem Hause Chantelle. Eine Serie von 100% unsichtbaren Unterteilen der neuesten Generation. Sie schmiegen sich Ihren K\u00f6rperformen wie eine zweite Haut an. Einheitsgr\u00f6\u00dfe von 36-44. &#8222;One size fits all&#8220;! Nahtloses Design mit innovativen gebondeten Abschl\u00fcssen, die ihre elastischen Eigenschaften nicht verlieren. Der anatomische Schnitt folgt den Bewegungen des K\u00f6rpers und sorgt f\u00fcr einen perfekten Sitz \u2013 den ganzen Tag. Ohne \u00d6ffnung im Schritt. Der Zwickel ist mit 100% Baumwolle unterlegt. Schmale, verstellbare Tr\u00e4ger f\u00fcr den optimalen Sitz. <\/p>\n<p>Body in One Size<br \/>\nohne \u00d6ffnung im Schritt<br \/>\nGewebe Au\u00dfen 80% Polyamid 20% Elasthan Gewebe Zwickel 100% Baumwolle<br \/>\nPflegehinweis: Handw\u00e4sche<br \/>\nModellnummer: 2648<br \/>\nelastische Mikrofaser<br \/>\naus der Serie Soft Stretch<br \/>\nkomplett nahtlos gearbeitet<br \/>\n<div class=\"main-cross-sell\" data-asin=\"B077HT1C5F\">\n\n\t<div class=\"WooZone-cross-sell-loader\">\n\t\t<div>\n\t\t\t<div id=\"floatingBarsG\">\n\t\t\t\t<div class=\"blockG\" id=\"rotateG_01\"><\/div>\n\t\t\t\t<div class=\"blockG\" id=\"rotateG_02\"><\/div>\n\t\t\t\t<div class=\"blockG\" id=\"rotateG_03\"><\/div>\n\t\t\t\t<div class=\"blockG\" id=\"rotateG_04\"><\/div>\n\t\t\t\t<div class=\"blockG\" id=\"rotateG_05\"><\/div>\n\t\t\t\t<div class=\"blockG\" id=\"rotateG_06\"><\/div>\n\t\t\t\t<div class=\"blockG\" id=\"rotateG_07\"><\/div>\n\t\t\t\t<div class=\"blockG\" id=\"rotateG_08\"><\/div>\n\t\t\t<\/div>\n\t\t\t<div class=\"WooZone-cross-sell-loader-text\"><\/div>\n\t\t<\/div>\n\t<\/div>\n\n\t\t\n<\/div>\n<div style=\"clear:both;\"><\/div>\n","protected":false},"excerpt":{"rendered":"<p>Body in One Size<br \/>\nohne \u00d6ffnung im Schritt<br \/>\nGewebe Au\u00dfen 80% Polyamid 20% Elasthan Gewebe Zwickel 100% Baumwolle<\/p>\n","protected":false},"featured_media":2175,"template":"","meta":[],"etheme_brands":[],"class_list":{"0":"post-2174","1":"product","2":"type-product","3":"status-publish","4":"has-post-thumbnail","6":"product_cat-sets-mit-body","8":"first","9":"instock","10":"taxable","11":"shipping-taxable","12":"product-type-external"},"_links":{"self":[{"href":"https:\/\/eventparadies.com\/index.php?rest_route=\/wp\/v2\/product\/2174","targetHints":{"allow":["GET"]}}],"collection":[{"href":"https:\/\/eventparadies.com\/index.php?rest_route=\/wp\/v2\/product"}],"about":[{"href":"https:\/\/eventparadies.com\/index.php?rest_route=\/wp\/v2\/types\/product"}],"wp:featuredmedia":[{"embeddable":true,"href":"https:\/\/eventparadies.com\/index.php?rest_route=\/wp\/v2\/media\/2175"}],"wp:attachment":[{"href":"https:\/\/eventparadies.com\/index.php?rest_route=%2Fwp%2Fv2%2Fmedia&parent=2174"}],"wp:term":[{"taxonomy":"brand","embeddable":true,"href":"https:\/\/eventparadies.com\/index.php?rest_route=%2Fwp%2Fv2%2Fetheme_brands&post=2174"}],"curies":[{"name":"wp","href":"https:\/\/api.w.org\/{rel}","templated":true}]}}