{"id":1927,"date":"2020-03-28T17:27:20","date_gmt":"2020-03-28T17:27:20","guid":{"rendered":"https:\/\/klamottenbude24.de\/?product=heisses-negligee-v-8419-sexy-reizwaesche-von-me-seduce"},"modified":"2023-04-09T21:37:13","modified_gmt":"2023-04-09T21:37:13","slug":"heisses-negligee-v-8419-sexy-reizwaesche-von-me-seduce","status":"publish","type":"product","link":"https:\/\/eventparadies.com\/?product=heisses-negligee-v-8419-sexy-reizwaesche-von-me-seduce","title":{"rendered":"ME-SEDUCE Sexy Kleid Xymena Fetisch schwarz in Lederoptik Wetlook Optik faszinierendes Kleid S\/M, L\/XL, XXL\/XXXL in\u2026"},"content":{"rendered":"<p><!-- show up to 2 reviews by default --> <\/p>\n<p>Verf\u00fchrerisches Neglig\u00e9 aus durchsichtigem T\u00fcll und gl\u00e4nzendem Stoff im hei\u00dfen Wetlook. Eng anliegend, angenehm weich und elastisch. Material: 90% Polyamid, 10% Elasthan. <\/p>\n<p>Verf\u00fchrerisches Neglig\u00e9 aus durchsichtigem T\u00fcll und gl\u00e4nzendem Stoff im hei\u00dfen Wetlook<br \/>\nEng anliegend, angenehm weich und elastisch<br \/>\n90% Polyamid, 10% Elasthan<br \/>\nModellnummer: MEXYMENABLACKS\/M<br \/>\n<div class=\"main-cross-sell\" data-asin=\"B01N9NNNBN\">\n\n\t<div class=\"WooZone-cross-sell-loader\">\n\t\t<div>\n\t\t\t<div id=\"floatingBarsG\">\n\t\t\t\t<div class=\"blockG\" id=\"rotateG_01\"><\/div>\n\t\t\t\t<div class=\"blockG\" id=\"rotateG_02\"><\/div>\n\t\t\t\t<div class=\"blockG\" id=\"rotateG_03\"><\/div>\n\t\t\t\t<div class=\"blockG\" id=\"rotateG_04\"><\/div>\n\t\t\t\t<div class=\"blockG\" id=\"rotateG_05\"><\/div>\n\t\t\t\t<div class=\"blockG\" id=\"rotateG_06\"><\/div>\n\t\t\t\t<div class=\"blockG\" id=\"rotateG_07\"><\/div>\n\t\t\t\t<div class=\"blockG\" id=\"rotateG_08\"><\/div>\n\t\t\t<\/div>\n\t\t\t<div class=\"WooZone-cross-sell-loader-text\"><\/div>\n\t\t<\/div>\n\t<\/div>\n\n\t\t\n<\/div>\n<div style=\"clear:both;\"><\/div>\n","protected":false},"excerpt":{"rendered":"<p>Verf\u00fchrerisches Neglig\u00e9 aus durchsichtigem T\u00fcll und gl\u00e4nzendem Stoff im hei\u00dfen Wetlook<br \/>\nEng anliegend, angenehm weich und elastisch<br \/>\n90% Polyamid, 10% Elasthan<\/p>\n","protected":false},"featured_media":1928,"template":"","meta":[],"etheme_brands":[],"class_list":{"0":"post-1927","1":"product","2":"type-product","3":"status-publish","4":"has-post-thumbnail","6":"product_cat-lack-und-leder","8":"first","9":"instock","10":"taxable","11":"shipping-taxable","12":"product-type-external"},"_links":{"self":[{"href":"https:\/\/eventparadies.com\/index.php?rest_route=\/wp\/v2\/product\/1927","targetHints":{"allow":["GET"]}}],"collection":[{"href":"https:\/\/eventparadies.com\/index.php?rest_route=\/wp\/v2\/product"}],"about":[{"href":"https:\/\/eventparadies.com\/index.php?rest_route=\/wp\/v2\/types\/product"}],"wp:featuredmedia":[{"embeddable":true,"href":"https:\/\/eventparadies.com\/index.php?rest_route=\/wp\/v2\/media\/1928"}],"wp:attachment":[{"href":"https:\/\/eventparadies.com\/index.php?rest_route=%2Fwp%2Fv2%2Fmedia&parent=1927"}],"wp:term":[{"taxonomy":"brand","embeddable":true,"href":"https:\/\/eventparadies.com\/index.php?rest_route=%2Fwp%2Fv2%2Fetheme_brands&post=1927"}],"curies":[{"name":"wp","href":"https:\/\/api.w.org\/{rel}","templated":true}]}}