{"id":1698,"date":"2020-03-28T17:06:25","date_gmt":"2020-03-28T17:06:25","guid":{"rendered":"https:\/\/klamottenbude24.de\/?product=marysgift-damen-wetlook-latex-pvc-body-dessous"},"modified":"2023-04-09T21:37:12","modified_gmt":"2023-04-09T21:37:12","slug":"marysgift-damen-wetlook-latex-pvc-body-dessous","status":"publish","type":"product","link":"https:\/\/eventparadies.com\/?product=marysgift-damen-wetlook-latex-pvc-body-dessous","title":{"rendered":"marysgift Lange Spitzenkleid Transparenter Kimono Robe Durchsichtig Negligee Nachtw\u00e4sche Kleider f\u00fcr Schwangere"},"content":{"rendered":"<p>Gr\u00f6\u00dfe: M-5XL, 36 38 40 42 44 46 48 50<br \/>\nFrauen einteiliger Wetlook Bodysuit<br \/>\n95% Polyester, 5% Elasthan<br \/>\nPerfekter catsuit jumpsuit overall f\u00fcr Catwoman Kost\u00fcm, Halloween Kost\u00fcm, Nachtclub<br \/>\nGeeignet f\u00fcr Nachtclub, Abendgesellschaft, Tanz, B\u00fchnenauftritt, Dessous-Nacht, etc<br \/>\nPaket umfassen: 1 x Bodysuit. Originalverpackt in einer tollen Schwarz Geschenkbox by MAYRSGIFT.<br \/>\n<div class=\"main-cross-sell\" data-asin=\"B07HLZW1ZN\">\n\n\t<div class=\"WooZone-cross-sell-loader\">\n\t\t<div>\n\t\t\t<div id=\"floatingBarsG\">\n\t\t\t\t<div class=\"blockG\" id=\"rotateG_01\"><\/div>\n\t\t\t\t<div class=\"blockG\" id=\"rotateG_02\"><\/div>\n\t\t\t\t<div class=\"blockG\" id=\"rotateG_03\"><\/div>\n\t\t\t\t<div class=\"blockG\" id=\"rotateG_04\"><\/div>\n\t\t\t\t<div class=\"blockG\" id=\"rotateG_05\"><\/div>\n\t\t\t\t<div class=\"blockG\" id=\"rotateG_06\"><\/div>\n\t\t\t\t<div class=\"blockG\" id=\"rotateG_07\"><\/div>\n\t\t\t\t<div class=\"blockG\" id=\"rotateG_08\"><\/div>\n\t\t\t<\/div>\n\t\t\t<div class=\"WooZone-cross-sell-loader-text\"><\/div>\n\t\t<\/div>\n\t<\/div>\n\n\t\t\n<\/div>\n<div style=\"clear:both;\"><\/div>\n","protected":false},"excerpt":{"rendered":"<p>Gr\u00f6\u00dfe: M-5XL, 36 38 40 42 44 46 48 50<br \/>\nFrauen einteiliger Wetlook Bodysuit<br \/>\n95% Polyester, 5% Elasthan<\/p>\n","protected":false},"featured_media":1699,"template":"","meta":[],"etheme_brands":[],"class_list":{"0":"post-1698","1":"product","2":"type-product","3":"status-publish","4":"has-post-thumbnail","6":"product_cat-lack-und-leder","8":"first","9":"instock","10":"taxable","11":"shipping-taxable","12":"product-type-external"},"_links":{"self":[{"href":"https:\/\/eventparadies.com\/index.php?rest_route=\/wp\/v2\/product\/1698","targetHints":{"allow":["GET"]}}],"collection":[{"href":"https:\/\/eventparadies.com\/index.php?rest_route=\/wp\/v2\/product"}],"about":[{"href":"https:\/\/eventparadies.com\/index.php?rest_route=\/wp\/v2\/types\/product"}],"wp:featuredmedia":[{"embeddable":true,"href":"https:\/\/eventparadies.com\/index.php?rest_route=\/wp\/v2\/media\/1699"}],"wp:attachment":[{"href":"https:\/\/eventparadies.com\/index.php?rest_route=%2Fwp%2Fv2%2Fmedia&parent=1698"}],"wp:term":[{"taxonomy":"brand","embeddable":true,"href":"https:\/\/eventparadies.com\/index.php?rest_route=%2Fwp%2Fv2%2Fetheme_brands&post=1698"}],"curies":[{"name":"wp","href":"https:\/\/api.w.org\/{rel}","templated":true}]}}