{"id":1681,"date":"2020-03-28T17:06:18","date_gmt":"2020-03-28T17:06:18","guid":{"rendered":"https:\/\/klamottenbude24.de\/?product=9102-wet-look-hanschuhe"},"modified":"2023-04-09T21:37:12","modified_gmt":"2023-04-09T21:37:12","slug":"9102-wet-look-hanschuhe","status":"publish","type":"product","link":"https:\/\/eventparadies.com\/?product=9102-wet-look-hanschuhe","title":{"rendered":"Cutefly Damen Wet-Look Hanschuhe, Schwarz, Einheitsgr\u00f6\u00dfe"},"content":{"rendered":"<div class=\"disclaim\"> Gr\u00f6\u00dfe:<strong>Einheitsgr\u00f6\u00dfe<\/strong> | Farbe:<strong>Schwarz<\/strong> <\/div>\n<p> <!-- show up to 2 reviews by default --> <\/p>\n<p>Nur mit den richtigen Accessoires wird ein Outfit perfekt! Ultralange Handschuhe im Wetlook, die sich wie eine zweite Haut tragen. Gesamtl\u00e4nge: ca. 53 cm. Farbe: schwarz Size: S-L. 80 % Polyester, 20 % Elasthan <\/p>\n<p>Lederoptik<br \/>\nWetlook<br \/>\nca. 53 cm lang<br \/>\n80 % Polyester, 20 % Elasthan<br \/>\n<div class=\"main-cross-sell\" data-asin=\"B00BBARM2C\">\n\n\t<div class=\"WooZone-cross-sell-loader\">\n\t\t<div>\n\t\t\t<div id=\"floatingBarsG\">\n\t\t\t\t<div class=\"blockG\" id=\"rotateG_01\"><\/div>\n\t\t\t\t<div class=\"blockG\" id=\"rotateG_02\"><\/div>\n\t\t\t\t<div class=\"blockG\" id=\"rotateG_03\"><\/div>\n\t\t\t\t<div class=\"blockG\" id=\"rotateG_04\"><\/div>\n\t\t\t\t<div class=\"blockG\" id=\"rotateG_05\"><\/div>\n\t\t\t\t<div class=\"blockG\" id=\"rotateG_06\"><\/div>\n\t\t\t\t<div class=\"blockG\" id=\"rotateG_07\"><\/div>\n\t\t\t\t<div class=\"blockG\" id=\"rotateG_08\"><\/div>\n\t\t\t<\/div>\n\t\t\t<div class=\"WooZone-cross-sell-loader-text\"><\/div>\n\t\t<\/div>\n\t<\/div>\n\n\t\t\n<\/div>\n<div style=\"clear:both;\"><\/div>\n","protected":false},"excerpt":{"rendered":"<p>Lederoptik<br \/>\nWetlook<br \/>\nca. 53 cm lang<\/p>\n","protected":false},"featured_media":1682,"template":"","meta":[],"etheme_brands":[],"class_list":{"0":"post-1681","1":"product","2":"type-product","3":"status-publish","4":"has-post-thumbnail","6":"product_cat-lack-und-leder","8":"first","9":"instock","10":"taxable","11":"shipping-taxable","12":"product-type-external"},"_links":{"self":[{"href":"https:\/\/eventparadies.com\/index.php?rest_route=\/wp\/v2\/product\/1681","targetHints":{"allow":["GET"]}}],"collection":[{"href":"https:\/\/eventparadies.com\/index.php?rest_route=\/wp\/v2\/product"}],"about":[{"href":"https:\/\/eventparadies.com\/index.php?rest_route=\/wp\/v2\/types\/product"}],"wp:featuredmedia":[{"embeddable":true,"href":"https:\/\/eventparadies.com\/index.php?rest_route=\/wp\/v2\/media\/1682"}],"wp:attachment":[{"href":"https:\/\/eventparadies.com\/index.php?rest_route=%2Fwp%2Fv2%2Fmedia&parent=1681"}],"wp:term":[{"taxonomy":"brand","embeddable":true,"href":"https:\/\/eventparadies.com\/index.php?rest_route=%2Fwp%2Fv2%2Fetheme_brands&post=1681"}],"curies":[{"name":"wp","href":"https:\/\/api.w.org\/{rel}","templated":true}]}}