{"id":1353,"date":"2020-03-28T16:51:44","date_gmt":"2020-03-28T16:51:44","guid":{"rendered":"https:\/\/klamottenbude24.de\/?product=noir-handmade-damen-minikleid-im-wetlook"},"modified":"2023-04-10T21:51:12","modified_gmt":"2023-04-10T21:51:12","slug":"noir-handmade-damen-minikleid-im-wetlook","status":"publish","type":"product","link":"https:\/\/eventparadies.com\/?product=noir-handmade-damen-minikleid-im-wetlook","title":{"rendered":"Noir Handmade Damen Minikleid im Wetlook"},"content":{"rendered":"<p><!-- show up to 2 reviews by default --> <\/p>\n<p>Sexy Minikleid im Wetlook aus der Diva Collection von Noir Handmade<\/p>\n<p>Beschreibung: <br \/>Gefertigt aus dehnbarem Wetlook-Material. Der Kragen (mit Hakenverschluss) und der Tailenbereich (mit Schn\u00fcrung) ist aus Kunstleder.<br \/>Der Artikel ist in einer durchsichtigen PVC-Box mit herausnehmbarem Bild verpackt.<br \/>Pflegehinweis : 30Grad Handw\u00e4sche<\/p>\n<p>Bitte beachten Sie, dass Abbildungen \u00e4hnlich sein k\u00f6nnen und wir f\u00fcr die Produktinformationen keine Haftung \u00fcbernehmen. <\/p>\n<p>Lieferumfang: <br \/>Minikleid!<\/p>\n<p>Farbe: <br \/>schwarz<\/p>\n<p>Material: <br \/>Wetlook 80% Polyamid \/ 20% Elastan<br \/>Kunstleder: 90% Polyamid \/ 10% Elasthan (Beschichtung Polyurethan)<\/p>\n<p>Gr\u00f6\u00dfen: <br \/>S-36, M-38, L-40, XL-42, 2XL-44 oder 3XL-46 (Bitte Gr\u00f6\u00dfentabelle beachten!)<\/p>\n<p>Material: 80% Polyamid \/ 20% Elastan Kunstleder: 90% Polyamid \/ 10% Elasthan (Beschichtung Polyurethan)<br \/>\n\u00c4rmellos<br \/>\nVerschluss: Schn\u00fcrsenkel<br \/>\n90% Polyamid, 80% Polyamid, 20% Elastan Kunstleder:, 10% Elasthan (Beschichtung Polyurethan)<br \/>\nDekolletiert<br \/>\n<div class=\"main-cross-sell\" data-asin=\"B06XJ3NVLD\">\n\n\t<div class=\"WooZone-cross-sell-loader\">\n\t\t<div>\n\t\t\t<div id=\"floatingBarsG\">\n\t\t\t\t<div class=\"blockG\" id=\"rotateG_01\"><\/div>\n\t\t\t\t<div class=\"blockG\" id=\"rotateG_02\"><\/div>\n\t\t\t\t<div class=\"blockG\" id=\"rotateG_03\"><\/div>\n\t\t\t\t<div class=\"blockG\" id=\"rotateG_04\"><\/div>\n\t\t\t\t<div class=\"blockG\" id=\"rotateG_05\"><\/div>\n\t\t\t\t<div class=\"blockG\" id=\"rotateG_06\"><\/div>\n\t\t\t\t<div class=\"blockG\" id=\"rotateG_07\"><\/div>\n\t\t\t\t<div class=\"blockG\" id=\"rotateG_08\"><\/div>\n\t\t\t<\/div>\n\t\t\t<div class=\"WooZone-cross-sell-loader-text\"><\/div>\n\t\t<\/div>\n\t<\/div>\n\n\t\t\n<\/div>\n<div style=\"clear:both;\"><\/div>\n","protected":false},"excerpt":{"rendered":"<p>Material: 80% Polyamid \/ 20% Elastan Kunstleder: 90% Polyamid \/ 10% Elasthan (Beschichtung Polyurethan)<br \/>\n\u00c4rmellos<br \/>\nVerschluss: Schn\u00fcrsenkel<\/p>\n","protected":false},"featured_media":1354,"template":"","meta":[],"etheme_brands":[],"class_list":{"0":"post-1353","1":"product","2":"type-product","3":"status-publish","4":"has-post-thumbnail","6":"product_cat-kleider","8":"first","9":"instock","10":"taxable","11":"shipping-taxable","12":"product-type-external"},"_links":{"self":[{"href":"https:\/\/eventparadies.com\/index.php?rest_route=\/wp\/v2\/product\/1353","targetHints":{"allow":["GET"]}}],"collection":[{"href":"https:\/\/eventparadies.com\/index.php?rest_route=\/wp\/v2\/product"}],"about":[{"href":"https:\/\/eventparadies.com\/index.php?rest_route=\/wp\/v2\/types\/product"}],"wp:featuredmedia":[{"embeddable":true,"href":"https:\/\/eventparadies.com\/index.php?rest_route=\/wp\/v2\/media\/1354"}],"wp:attachment":[{"href":"https:\/\/eventparadies.com\/index.php?rest_route=%2Fwp%2Fv2%2Fmedia&parent=1353"}],"wp:term":[{"taxonomy":"brand","embeddable":true,"href":"https:\/\/eventparadies.com\/index.php?rest_route=%2Fwp%2Fv2%2Fetheme_brands&post=1353"}],"curies":[{"name":"wp","href":"https:\/\/api.w.org\/{rel}","templated":true}]}}