{"id":1316,"date":"2020-03-28T16:51:30","date_gmt":"2020-03-28T16:51:30","guid":{"rendered":"https:\/\/klamottenbude24.de\/?product=saresia-damen-minikleid-im-wetlook-m273"},"modified":"2023-04-10T21:51:12","modified_gmt":"2023-04-10T21:51:12","slug":"saresia-damen-minikleid-im-wetlook-m273","status":"publish","type":"product","link":"https:\/\/eventparadies.com\/?product=saresia-damen-minikleid-im-wetlook-m273","title":{"rendered":"SARESIA Damen Minikleid im Wetlook M273"},"content":{"rendered":"<p><!-- show up to 2 reviews by default --> <\/p>\n<p>Sexy Minikleid im Wetlook von Saresia<\/p>\n<p>Beschreibung: <br \/>Sexy Minikleid im Wetlook von Saresia.<br \/>&#8211; hei\u00dfes Wetlook-Minikleid<br \/>&#8211; tiefer Ausschnitt im Vorderteil<br \/>&#8211; mit eingestanzten \u00d6sen<br \/>&#8211; Schn\u00fcrung mit Ketten<br \/>&#8211; Cutouts an den H\u00fcften<br \/>&#8211; mit \u00d6sen und Ketten verziert<br \/>&#8211; nahtfeiner Rei\u00dfverschluss in der hinteren Mitte<br \/>&#8211; R\u00fcckenl\u00e4nge in Gr\u00f6\u00dfe S ca. 80 cm<br \/>&#8211; aus elastischem Material<br \/>&#8211; endkundengerechte Verpackung mit Bild<br \/>&#8211; hochwertige Qualit\u00e4t von SARESIA<\/p>\n<p>Bitte beachten Sie, dass Abbildungen \u00e4hnlich sein k\u00f6nnen und wir f\u00fcr die Produktinformationen keine Haftung \u00fcbernehmen. <\/p>\n<p>Lieferumfang: <br \/>Minikleid!<\/p>\n<p>Farbe: <br \/>schwarz<\/p>\n<p>Material: <br \/>80% Polyester, 20% Elasthan<br \/>Stoffart: Metall, Wetlook<\/p>\n<p>Gr\u00f6\u00dfen: (Bitte die Gr\u00f6\u00dfentabelle beachten!) <br \/>XS, S, M, L oder XL<\/p>\n<p>diskreter und neutraler Versand<br \/>\nFarbe: Schwarz<br \/>\nVerschluss: Schn\u00fcrsenkel, Rei\u00dfverschluss<br \/>\n80% Polyester, 20% Elasthan<br \/>\ndekolletiert<br \/>\nPflegehinweis: Handw\u00e4sche<br \/>\nLieferumfang: Minikleid!<br \/>\n<div class=\"main-cross-sell\" data-asin=\"B07ZQB6L23\">\n\n\t<div class=\"WooZone-cross-sell-loader\">\n\t\t<div>\n\t\t\t<div id=\"floatingBarsG\">\n\t\t\t\t<div class=\"blockG\" id=\"rotateG_01\"><\/div>\n\t\t\t\t<div class=\"blockG\" id=\"rotateG_02\"><\/div>\n\t\t\t\t<div class=\"blockG\" id=\"rotateG_03\"><\/div>\n\t\t\t\t<div class=\"blockG\" id=\"rotateG_04\"><\/div>\n\t\t\t\t<div class=\"blockG\" id=\"rotateG_05\"><\/div>\n\t\t\t\t<div class=\"blockG\" id=\"rotateG_06\"><\/div>\n\t\t\t\t<div class=\"blockG\" id=\"rotateG_07\"><\/div>\n\t\t\t\t<div class=\"blockG\" id=\"rotateG_08\"><\/div>\n\t\t\t<\/div>\n\t\t\t<div class=\"WooZone-cross-sell-loader-text\"><\/div>\n\t\t<\/div>\n\t<\/div>\n\n\t\t\n<\/div>\n<div style=\"clear:both;\"><\/div>\n","protected":false},"excerpt":{"rendered":"<p>diskreter und neutraler Versand<br \/>\nFarbe: Schwarz<br \/>\nVerschluss: Schn\u00fcrsenkel, Rei\u00dfverschluss<\/p>\n","protected":false},"featured_media":1317,"template":"","meta":[],"etheme_brands":[],"class_list":{"0":"post-1316","1":"product","2":"type-product","3":"status-publish","4":"has-post-thumbnail","6":"product_cat-kleider","8":"first","9":"instock","10":"taxable","11":"shipping-taxable","12":"product-type-external"},"_links":{"self":[{"href":"https:\/\/eventparadies.com\/index.php?rest_route=\/wp\/v2\/product\/1316","targetHints":{"allow":["GET"]}}],"collection":[{"href":"https:\/\/eventparadies.com\/index.php?rest_route=\/wp\/v2\/product"}],"about":[{"href":"https:\/\/eventparadies.com\/index.php?rest_route=\/wp\/v2\/types\/product"}],"wp:featuredmedia":[{"embeddable":true,"href":"https:\/\/eventparadies.com\/index.php?rest_route=\/wp\/v2\/media\/1317"}],"wp:attachment":[{"href":"https:\/\/eventparadies.com\/index.php?rest_route=%2Fwp%2Fv2%2Fmedia&parent=1316"}],"wp:term":[{"taxonomy":"brand","embeddable":true,"href":"https:\/\/eventparadies.com\/index.php?rest_route=%2Fwp%2Fv2%2Fetheme_brands&post=1316"}],"curies":[{"name":"wp","href":"https:\/\/api.w.org\/{rel}","templated":true}]}}